{"id":574,"date":"2026-04-07T10:20:22","date_gmt":"2026-04-07T13:20:22","guid":{"rendered":"https:\/\/leiloes.iz.sp.gov.br\/registro\/?post_type=product&#038;p=574"},"modified":"2026-04-07T10:20:22","modified_gmt":"2026-04-07T13:20:22","slug":"lote-01-novilhas","status":"publish","type":"product","link":"https:\/\/leiloes.iz.sp.gov.br\/registro\/produto\/lote-01-novilhas\/","title":{"rendered":"Lote 01 &#8211; Novilhas"},"content":{"rendered":"<table>\n<tbody>\n<tr>\n<td width=\"61\"><strong>Animal<\/strong><\/td>\n<td width=\"83\"><strong>Nome<\/strong><\/td>\n<td width=\"56\">Nasc.<\/td>\n<td width=\"56\"><strong>Peso em 02\/04\/26<\/strong><\/td>\n<td width=\"53\"><strong>PTA<\/strong><\/td>\n<td width=\"51\"><strong>Categoria<\/strong><\/td>\n<td width=\"106\"><strong>M\u00e3e<\/strong><\/td>\n<td width=\"98\"><strong>Melhor lacta\u00e7\u00e3o materna<\/strong><\/td>\n<td width=\"97\"><strong>Melhor lacta\u00e7\u00e3o av\u00f3 materna<\/strong><\/td>\n<td width=\"133\"><strong>Pai<\/strong><\/td>\n<td width=\"104\"><strong>Melhor lacta\u00e7\u00e3o da av\u00f3 paterna<\/strong><\/td>\n<\/tr>\n<tr>\n<td width=\"61\">IZ 1184<\/td>\n<td width=\"83\">Abacate do IZ<\/td>\n<td width=\"56\">20\/07\/24<\/td>\n<td width=\"56\">328 kg<\/td>\n<td width=\"53\">+ 135<\/td>\n<td width=\"51\">s\/regis.<\/td>\n<td width=\"106\">Taberna da UPD<\/td>\n<td width=\"98\">(1<sup>a<\/sup>) 1.999 kg<\/td>\n<td width=\"97\">(6<sup>a<\/sup>) 2.212 kg<\/td>\n<td width=\"133\">Acelerado da Embrapa<\/td>\n<td width=\"104\">desconhecida<\/td>\n<\/tr>\n<tr>\n<td width=\"61\">IZ 1185<\/td>\n<td width=\"83\">Ameixa do IZ<\/td>\n<td width=\"56\">20\/07\/24<\/td>\n<td width=\"56\">318 kg<\/td>\n<td width=\"53\">+ 150<\/td>\n<td width=\"51\">s\/regis.<\/td>\n<td width=\"106\">Panela da UPD<\/td>\n<td width=\"98\">(3<sup>a<\/sup>) 2.492 kg<\/td>\n<td width=\"97\">(3<sup>a<\/sup>) 2.869 kg<\/td>\n<td width=\"133\">Acelerado da Embrapa<\/td>\n<td width=\"104\">desconhecida<\/td>\n<\/tr>\n<tr>\n<td width=\"61\">IZ 1188<\/td>\n<td width=\"83\">Alana do IZ<\/td>\n<td width=\"56\">25\/07\/24<\/td>\n<td width=\"56\">280 kg<\/td>\n<td width=\"53\">+ 198<\/td>\n<td width=\"51\">s\/regis.<\/td>\n<td width=\"106\">Ravina da UPD<\/td>\n<td width=\"98\">(2\u00aa) 1.971 kg<\/td>\n<td width=\"97\">(4<sup>a<\/sup>) 3.452 kg<\/td>\n<td width=\"133\">Acelerado da Embrapa<\/td>\n<td width=\"104\">desconhecida<\/td>\n<\/tr>\n<tr>\n<td width=\"61\">IZ 1190<\/td>\n<td width=\"83\">Agnes do IZ<\/td>\n<td width=\"56\">30\/07\/24<\/td>\n<td width=\"56\">308 kg<\/td>\n<td width=\"53\">+ 113<\/td>\n<td width=\"51\">s\/regis.<\/td>\n<td width=\"106\">Paisagem da UPD<\/td>\n<td width=\"98\">(3<sup>a<\/sup>) 2.033 kg<\/td>\n<td width=\"97\">(3<sup>a<\/sup>) 1.598 kg<\/td>\n<td width=\"133\">Acelerado da Embrapa<\/td>\n<td width=\"104\">desconhecida<\/td>\n<\/tr>\n<tr>\n<td width=\"61\">IZ 1192<\/td>\n<td width=\"83\">Ana do IZ<\/td>\n<td width=\"56\">04\/08\/24<\/td>\n<td width=\"56\">318 kg<\/td>\n<td width=\"53\">+ 135<\/td>\n<td width=\"51\">s\/regis.<\/td>\n<td width=\"106\">Racha da UPD<\/td>\n<td width=\"98\">(3<sup>a<\/sup>) 2.120 kg<\/td>\n<td width=\"97\">(7<sup>a<\/sup>) 2.494 kg<\/td>\n<td width=\"133\">Acelerado da Embrapa<\/td>\n<td width=\"104\">desconhecida<\/td>\n<\/tr>\n<\/tbody>\n<\/table>\n","protected":false},"excerpt":{"rendered":"<p>Animal Nome Nasc. Peso em 02\/04\/26 PTA Categoria M\u00e3e Melhor lacta\u00e7\u00e3o materna Melhor lacta\u00e7\u00e3o av\u00f3 materna Pai Melhor lacta\u00e7\u00e3o da av\u00f3 paterna IZ 1184 Abacate do IZ 20\/07\/24 328 kg + 135 s\/regis. Taberna da UPD (1a) 1.999 kg (6a) 2.212 kg Acelerado da Embrapa desconhecida IZ 1185 Ameixa do IZ 20\/07\/24 318 kg + [&hellip;]<\/p>\n","protected":false},"featured_media":575,"template":"","meta":{"_uag_custom_page_level_css":"","site-sidebar-layout":"default","site-content-layout":"","ast-site-content-layout":"default","site-content-style":"default","site-sidebar-style":"default","ast-global-header-display":"","ast-banner-title-visibility":"","ast-main-header-display":"","ast-hfb-above-header-display":"","ast-hfb-below-header-display":"","ast-hfb-mobile-header-display":"","site-post-title":"","ast-breadcrumbs-content":"","ast-featured-img":"","footer-sml-layout":"","ast-disable-related-posts":"","theme-transparent-header-meta":"default","adv-header-id-meta":"","stick-header-meta":"","header-above-stick-meta":"","header-main-stick-meta":"","header-below-stick-meta":"","astra-migrate-meta-layouts":"set","ast-page-background-enabled":"default","ast-page-background-meta":{"desktop":{"background-color":"var(--ast-global-color-4)","background-image":"","background-repeat":"repeat","background-position":"center center","background-size":"auto","background-attachment":"scroll","background-type":"","background-media":"","overlay-type":"","overlay-color":"","overlay-opacity":"","overlay-gradient":""},"tablet":{"background-color":"","background-image":"","background-repeat":"repeat","background-position":"center center","background-size":"auto","background-attachment":"scroll","background-type":"","background-media":"","overlay-type":"","overlay-color":"","overlay-opacity":"","overlay-gradient":""},"mobile":{"background-color":"","background-image":"","background-repeat":"repeat","background-position":"center center","background-size":"auto","background-attachment":"scroll","background-type":"","background-media":"","overlay-type":"","overlay-color":"","overlay-opacity":"","overlay-gradient":""}},"ast-content-background-meta":{"desktop":{"background-color":"var(--ast-global-color-5)","background-image":"","background-repeat":"repeat","background-position":"center center","background-size":"auto","background-attachment":"scroll","background-type":"","background-media":"","overlay-type":"","overlay-color":"","overlay-opacity":"","overlay-gradient":""},"tablet":{"background-color":"var(--ast-global-color-5)","background-image":"","background-repeat":"repeat","background-position":"center center","background-size":"auto","background-attachment":"scroll","background-type":"","background-media":"","overlay-type":"","overlay-color":"","overlay-opacity":"","overlay-gradient":""},"mobile":{"background-color":"var(--ast-global-color-5)","background-image":"","background-repeat":"repeat","background-position":"center center","background-size":"auto","background-attachment":"scroll","background-type":"","background-media":"","overlay-type":"","overlay-color":"","overlay-opacity":"","overlay-gradient":""}}},"product_brand":[],"product_cat":[23],"product_tag":[],"class_list":{"0":"post-574","1":"product","2":"type-product","3":"status-publish","4":"has-post-thumbnail","6":"product_cat-femeas","7":"desktop-align-left","8":"tablet-align-left","9":"mobile-align-left","11":"first","12":"instock","13":"sold-individually","14":"shipping-taxable","15":"product-type-auction"},"uagb_featured_image_src":{"full":["https:\/\/leiloes.iz.sp.gov.br\/registro\/wp-content\/uploads\/Lote-1-1.jpg",1280,960,false],"thumbnail":["https:\/\/leiloes.iz.sp.gov.br\/registro\/wp-content\/uploads\/Lote-1-1-150x150.jpg",150,150,true],"medium":["https:\/\/leiloes.iz.sp.gov.br\/registro\/wp-content\/uploads\/Lote-1-1-300x225.jpg",300,225,true],"medium_large":["https:\/\/leiloes.iz.sp.gov.br\/registro\/wp-content\/uploads\/Lote-1-1-768x576.jpg",768,576,true],"large":["https:\/\/leiloes.iz.sp.gov.br\/registro\/wp-content\/uploads\/Lote-1-1-1024x768.jpg",1024,768,true],"1536x1536":["https:\/\/leiloes.iz.sp.gov.br\/registro\/wp-content\/uploads\/Lote-1-1.jpg",1280,960,false],"2048x2048":["https:\/\/leiloes.iz.sp.gov.br\/registro\/wp-content\/uploads\/Lote-1-1.jpg",1280,960,false],"woocommerce_thumbnail":["https:\/\/leiloes.iz.sp.gov.br\/registro\/wp-content\/uploads\/Lote-1-1-300x300.jpg",300,300,true],"woocommerce_single":["https:\/\/leiloes.iz.sp.gov.br\/registro\/wp-content\/uploads\/Lote-1-1-600x450.jpg",600,450,true],"woocommerce_gallery_thumbnail":["https:\/\/leiloes.iz.sp.gov.br\/registro\/wp-content\/uploads\/Lote-1-1-100x100.jpg",100,100,true]},"uagb_author_info":{"display_name":"teixeira","author_link":"https:\/\/leiloes.iz.sp.gov.br\/registro\/author\/"},"uagb_comment_info":0,"uagb_excerpt":"Animal Nome Nasc. Peso em 02\/04\/26 PTA Categoria M\u00e3e Melhor lacta\u00e7\u00e3o materna Melhor lacta\u00e7\u00e3o av\u00f3 materna Pai Melhor lacta\u00e7\u00e3o da av\u00f3 paterna IZ 1184 Abacate do IZ 20\/07\/24 328 kg + 135 s\/regis. Taberna da UPD (1a) 1.999 kg (6a) 2.212 kg Acelerado da Embrapa desconhecida IZ 1185 Ameixa do IZ 20\/07\/24 318 kg +&hellip;","_links":{"self":[{"href":"https:\/\/leiloes.iz.sp.gov.br\/registro\/wp-json\/wp\/v2\/product\/574","targetHints":{"allow":["GET"]}}],"collection":[{"href":"https:\/\/leiloes.iz.sp.gov.br\/registro\/wp-json\/wp\/v2\/product"}],"about":[{"href":"https:\/\/leiloes.iz.sp.gov.br\/registro\/wp-json\/wp\/v2\/types\/product"}],"wp:featuredmedia":[{"embeddable":true,"href":"https:\/\/leiloes.iz.sp.gov.br\/registro\/wp-json\/wp\/v2\/media\/575"}],"wp:attachment":[{"href":"https:\/\/leiloes.iz.sp.gov.br\/registro\/wp-json\/wp\/v2\/media?parent=574"}],"wp:term":[{"taxonomy":"product_brand","embeddable":true,"href":"https:\/\/leiloes.iz.sp.gov.br\/registro\/wp-json\/wp\/v2\/product_brand?post=574"},{"taxonomy":"product_cat","embeddable":true,"href":"https:\/\/leiloes.iz.sp.gov.br\/registro\/wp-json\/wp\/v2\/product_cat?post=574"},{"taxonomy":"product_tag","embeddable":true,"href":"https:\/\/leiloes.iz.sp.gov.br\/registro\/wp-json\/wp\/v2\/product_tag?post=574"}],"curies":[{"name":"wp","href":"https:\/\/api.w.org\/{rel}","templated":true}]}}